ine o(x).
-8
Let w(k) be the third derivative of 7/8*k**4 + 0*k - 23/60*k**5 - 36*k**2 + 1/120*k**6 + 0 + 9/2*k**3. Give w(22).
5
Suppose 203 = 5*s + 4*l, 109 = 3*s - 5*l + l. Let p be 5*2/2 + 32. Let d = s - p. Let v(f) = 2*f**3 + 2*f**2 + f. Give v(d).
26
Let x(y) = y**2 + 5*y + 4. Suppose -i - 36 = -32. Let a be ((-8)/(-84)*6)/(i/(-14)). Suppose -3*g - 12 = 5*d, -a*g + 2*d = 7 + 1. What is x(g)?
0
Suppose 0 = r - 0*r - u - 1, 1 = u. Suppose -2*p = 2*b - 6*b + 10, -2*b = -r*p. Suppose 2*s - i - p = 0, -5*s - 2*i = -4*s. Let y(l) = l**2 - 2. Calculate y(s).
2
Let m(k) = -3 - 3*k - 2*k + 2*k. Suppose 5*q = 5*h + 45, 5*h + 15 + 26 = 4*q. Suppose 3*x + q = -4*z, x = 3*z - 2 + 18. Give m(x).
-15
Let i(k) = -k**3 + 6*k**2 - 6*k + 6. Let q(m) = m**3 + 28*m**2 + 13*m + 54. Let o be q(-27). Let w = o + -427. Determine i(w).
1
Let j(g) = -143 - g + 4*g + 42 + 47 - 12*g - g**2 + 46. Let a(n) = -n - 3. Let h be a(4). Let k = h + -1. Give j(k).
0
Let a = 72 - 44. Let d = -42 + a. Let g(x) = -x**2 - 15*x - 18. Determine g(d).
-4
Let p be (30 - 6) + -19 - (-6 + -1). Let v(b) be the third derivative of -b**5/60 + 11*b**4/24 + 2*b**3 + b**2. Determine v(p).
0
Let z(r) = -r**3 - 13*r**2 - 12*r + 4. Let p be z(-12). Let o(g) = -8 + 2*g + 7 + p. Let x(j) = -j**2 + 17*j - 46. Let m be x(14). Give o(m).
-5
Let y(s) be the third derivative of -s**4/3 - 11*s**3/3 - 138*s**2 - s. Determine y(-7).
34
Suppose 0 = 2*g + 7 - 3. Let z(l) = 9*l**3 + 31*l**2 - 22*l - 6. Let a(p) = 4*p**3 + 13*p**2 - 10*p - 3. Let r(y) = 7*a(y) - 3*z(y). Give r(g).
-11
Let x(l) = 6*l**2 - 54*l + 3. Let i(q) = -17*q**2 + 159*q - 11. Let r(k) = 4*i(k) + 11*x(k). Calculate r(21).
-11
Suppose -a = 7 - 1. Let u(w) = -5 + 0 - 7 - 2*w + 0. Let t be u(a). Let i(d) = -d**2 - 8. Determine i(t).
-8
Let k(g) = -37*g**2 - 889*g - 31. Let s be k(-24). Let y(l) = -l**3 - 9*l**2 - 10*l - 22. Calculate y(s).
-50
Let x be (-90)/42*(-154)/66. Let j(y) = 2*y**2 - 5 + 4*y**2 - y**3 + y - 4*y. What is j(x)?
5
Let l(f) = -9*f**2 + 2*f + 1. Suppose 0 = -4*a - 4*d - 944, 0*a + 3*a - 4*d = -673. Let t = a + 230. Calculate l(t).
-10
Let t = 90 + -80. Let m be 12/4 + 3/(6/t). Let a(x) = x - 18. Determine a(m).
-10
Let i(a) = 3*a + 1. Let l be i(-3). Let k(x) = -x - 6. Let d be k(l). Let v(j) be the second derivative of -5*j**3/6 + j**2 - 30*j + 3. Calculate v(d).
-8
Let n = 1101 - 742. Let o = n - 359. Let p(d) = -d**2 - d - 6. What is p(o)?
-6
Let m(a) = -2*a**3 + a**2 - a - 2. Let w(v) = -3*v**3 - 2*v**2 - 2*v - 7. Let y(x) = -2*m(x) + w(x). Calculate y(4).
-3
Suppose 2*p = -3*b + 3, p + 2*b + 1 = -0*b. Let u(d) = 23*d - 42*d + d**2 + 14*d - p. What is u(7)?
5
Let h = -40 - -40. Let m be h - (12 + 4)/(-1). Let v be (-8)/(-20) - m/(-10). Let a(s) = s - 4. What is a(v)?
-2
Let y(p) be the third derivative of -p**5/30 - p**4/8 + 7*p**3/6 + 47*p**2 - 27. Determine y(-4).
-13
Suppose 3*u - 17 + 8 = 0. Let t(v) = -2*v + 0 + 4 - u - 6*v**2 - v**2. Let j be ((-3)/6)/((-4)/8). What is t(j)?
-8
Let b(u) = 6*u**3 - u**2 - 2*u - 1. Let j = 46 - 47. Let l be 12/4*(8/(-6) - j). Determine b(l).
-6
Let z be (9/(-30))/(-2 - (-2)/(-20)*-2). Let k(q) be the second derivative of 0 + 3/2*q**2 + 41*q + 1/12*q**4 + z*q**3. Give k(-4).
15
Let u(h) = h**2 + 8*h - 3. Suppose -16*c - c = 7*c + 13*c. Give u(c).
-3
Let g(w) = 177*w - 2124. Let s be g(12). Let j(d) = 7*d + 14. Give j(s).
14
Let y be 15 + -26 - ((-14)/5)/(26/65). Let u(v) = -v**2 - 8*v - 19. Calculate u(y).
-3
Let m(p) = -p - 2. Let v(h) = -2*h - 5. Let o(y) = 3*m(y) - v(y). Let x(a) = 8*a**2 + 3*a - 1. Let z be 1 + 0 - (-7)/(7/(-2)). Let b be x(z). Calculate o(b).
-5
Let z(v) = -53*v + 1. Let k be z(-1). Let l(u) = 61*u**2 + 7*u - 114*u**2 + k*u**2 - 8. Give l(-6).
-14
Let t(x) = -164*x - 1241*x**2 + 622*x**2 + 618*x**2 + 170*x + 5. Suppose 18 = 3*o + 5*v, -o = -6*o + 4*v + 30. Calculate t(o).
5
Let p = 119 + -111. Suppose -p*r - 4*r = 48. Let h(d) = -d**2 - 3*d + 4. Calculate h(r).
0
Let y(j) = -j**3 + 6*j**2 - j + 8. Suppose 5*m = f + 7 - 5, 5*m - 4*f - 8 = 0. Let l be (2 - 4 - m)*2. Let q be 64/11 + l/(-22). Give y(q).
2
Let v = 77 - 70. Let l(u) be the second derivative of u**4/6 - 7*u**3/3 - 5*u**2 - 701*u. What is l(v)?
-10
Let t = 0 - -253. Let p = 260 - t. Let f(b) be the third derivative of b**5/60 - b**4/3 - b**3/3 - b**2. Determine f(p).
-9
Let h(d) = -222 + 0*d - 4*d + 3*d**2 + 218. What is h(-5)?
91
Let q(h) = -h**3 - h. Let t be q(-2). Let g(w) = 11*w - 27*w + 15*w + t. Calculate g(0).
10
Let r(t) = -t**3 - 8*t**2 - 4*t - 8. Let u(i) = -5*i**2 - 13*i - 16. Let f be u(-1). What is r(f)?
24
Let t(z) = -z**3 - 23*z**2 + 9*z - 3. Let k(f) = -f**3 + 5*f**2 - f. Let i(w) = 4*k(w) + t(w). What is i(1)?
-6
Let w(f) = 517*f + 1 - 7 - 265*f - 4*f**3 + 10*f**2 + 5*f**3 - 246*f. Determine w(-5).
89
Suppose -22*d + 23525 = -6527. Let s(x) = d*x**2 - 679*x**2 + 1 - 673*x**2. Determine s(1).
15
Let q(m) = m**2 - 35*m + 53. Let w be q(26). Let o = 177 + w. Let v(r) = r - 161*r**3 - 2 - 5*r**2 + 160*r**3 + 0. What is v(o)?
-22
Let d(c) = 90 + c**2 + 12*c + 89 - 260 + 92. Suppose f = 3*s - 4 - 10, -20 = 3*f + 2*s. Calculate d(f).
-21
Let x(w) = w**2 + 6*w + 11. Let y(f) = -5*f**3 + 23*f**2 + 10*f - 2. Let h be y(5). What is x(h)?
3
Let n(j) = -j**3 - 8*j**2 - 9*j - 15. Let v be (63/18)/((-3)/6). What is n(v)?
-1
Let a(r) = r**2 - 4*r. Let g(c) = -c**3 - 9*c**2 + 7*c - 32. Let h be g(-10). Let t be 0 + 4 - (-3 - h). Suppose -f + 6*f + t = -4*z, -4*z = f - 15. Give a(z).
5
Let t = -9265 + 9256. Let p(k) = -3*k + 4. Let u(d) = 10*d - 12. Let c(j) = 16*p(j) + 5*u(j). Give c(t).
-14
Let z = -47 + 49. Suppose a + z = -n, a - n - 4 = n. Let w(x) = -x**3 - x**2 - x + 16. Give w(a).
16
Let f(s) = 4*s**3 + 11*s**2 - 19*s + 12. Suppose 15*m - 17*m = 4*c - 6, -2*c + m + 1 = 0. Let k(g) = g**3 - g + 1. Let v(n) = c*f(n) - 5*k(n). Give v(9).
43
Let j(d) = -7*d + 5. Let t(s) = 6*s - 5. Let y(r) = 5*j(r) + 6*t(r). Let u(f) = f + 5. Let w be u(-1). Suppose w*h + 4 = 4. Calculate y(h).
-5
Let s = 94 - 92. Let a(h) = h**s + 2797 - 2806 + 0*h**2 - 8*h. Give a(10).
11
Let t(m) = 4*m + 5. Let f(c) = 454*c + 12. Let g(d) = -70*d - 2. Let x(y) = -4*f(y) - 26*g(y). Let n be 21*-1*(-2)/6. Let i(j) = n*x(j) - 6*t(j). What is i(-2)?
-10
Let a be ((0 - 0) + -1)*-2. Let y(d) = 8*d**2 - 5*d**a - d**3 - 9*d**2 - 6 + 6*d. Let c be y(-7). Let r(x) = -8*x. Determine r(c).
-8
Suppose -5 = -4*j + 2*c + 3, -3*c - 6 = 0. Let r be j/(-3) - (-4)/(-6). Let o(q) = 8*q**2 + 11*q**2 + 92*q + 0 - 178*q - 1 + 85*q + 3*q**2. Give o(r).
22
Let w(p) = -p**2 + 12*p - 9. Let t be w(11). Let z(j) = 0 + t + 0*j + j. Suppose -2*o + 21*h + 14 = 17*h, 0 = 4*o - 4*h - 8. What is z(o)?
-1
Let c(i) be the first derivative of 41 - 2*i**3 + 5/2*i**2 + 1/4*i**4 + i. Calculate c(5).
1
Let t(v) be the second derivative of -1/12*v**4 - 2*v - 1/2*v**2 - 4/3*v**3 + 0. Let a be ((-120)/(-18))/((-9)/(81/(-6))) - 17. What is t(a)?
6
Let v(c) = c**2 + 9*c - 11. Let s be v(-10). Suppose -2*m - 16 = 3*l - 5*l, -1 = 3*l + 2*m. Let p(r) = -l*r**2 - 5*r**2 + r - 2*r. Give p(s).
-7
Let o(y) be the third derivative of y**5/60 - y**4/12 - y**3/3 - 1107*y**2. What is o(4)?
6
Let o(m) = 15. Let z(h) = -h + 45. Let v(g) = -7*o(g) + 2*z(g). Let a be (-1 + 2)/(-7*12/588). Give v(a).
-1
Let b(a) = -109*a - 17. Let d(l) = 19*l + 4. Let g(x) = 2*b(x) + 11*d(x). What is g(-2)?
28
Let q(b) = -6*b**3 + 9*b**2 + 253 - 3*b**2 + 7*b**3 - 250 + 0*b**2 + 2*b. Determine q(-6).
-9
Let j(r) = -105*r**2 - 3 - r + 65*r**2 + 50*r**2. Calculate j(2).
35
Let y be 8/64*(-4)/(-6). Let j(q) be the second derivative of -y*q**4 + 0 - 2*q**2 + 5/6*q**3 - 10*q. What is j(3)?
2
Let n(m) = -7*m**2 + 48*m - 299. Let x(b) = -b**2 + 2*b + 1. Let z(w) = n(w) - 6*x(w). What is z(22)?
3
Let f(c) = -11*c**2 + 9*c + 5. Let y(z) = -8*z**2 + 8*z + 3. Let x(s) = 3*f(s) - 4*y(s). Calculate x(-6).
-3
Suppose -3*l + 84 = 60. Let x(j) = j**3 - 8*j**2 + 2*j - 8. Let f be x(l). Let g(b) = -7*b**3 - 10 - 6*b**3 + 3*b + 12*b**3 - f*b**2 + 2*b**2. What is g(-7)?
18
Let k(b) = b**3 + b**2 + 4*b + 3. Suppose 2*y + 3 = -a, 2*a + 13 = y + 27. Calculate k(y).
-61
Let w(f) = -2*f**2 + 10*f + 4. Suppose 2*t - 5*u - 3 = 0, -12*u + 7*u + 95 = 5*t. Let v be (-36)/(-2)*t/42. What is w(v)?
-8
Let u(f) = -f**3 + 14*f**2 